 16*i + 23. Give x(f).
6
Suppose -4 = 2*s + 6. Let a(l) = 7*l - 5. Let b(z) = 13*z - 9. Let u(q) = 7*a(q) - 4*b(q). What is u(s)?
16
Suppose 0*j + 4*j - 12 = -4*d, -3*j = 4*d - 11. Let v(o) = 2 + 9*o - o**2 + j - 5. Let x be v(8). Let t(m) = -2*m + 8. Determine t(x).
-4
Suppose 0 = -6*q + 8 - 2. Let z(w) = -4*w - 5. Let r(n) = 1. Let t(j) = q*z(j) + 4*r(j). Determine t(-5).
19
Let t(f) be the first derivative of f**2/2 - 15*f + 56. Give t(13).
-2
Suppose -2*m - 8*m = -20. Let q(c) = -46*c**m - 8*c + 4 + 0 + 47*c**2. Calculate q(6).
-8
Let l(v) be the first derivative of 1/4*v**4 + 1/2*v**2 + 5*v + 10/3*v**3 + 41. What is l(-10)?
-5
Let z(w) = -w - 16. Suppose 1090*u = 1087*u - 66. Give z(u).
6
Suppose -5*m + 2*r = -50 + 15, 0 = 5*m + 5*r. Let u(b) = -b**2 - 10 - 2 + 14 + 7*b - 8. Determine u(m).
4
Let z(q) = q**3 + q**2 - q. Let f(s) = -s - 4. Let n be f(-5). Determine z(n).
1
Let o(m) = m**2 - m + 1. Let n = 8 - 8. Suppose -i - 3*i + 4 = n. Calculate o(i).
1
Let b(i) = -i + 28. Let z be b(12). Suppose -2 = 2*d - z. Let c(v) = -v**2 + 7*v - 6. Give c(d).
-6
Let c(i) = 16*i**2 - 16*i - 17. Let m(d) = 13*d**2 - 15*d - 16. Let f(z) = -4*c(z) + 5*m(z). Determine f(12).
0
Let s(z) be the third derivative of z**8/6720 + z**7/360 + 7*z**6/720 + z**5/60 - z**4/6 - 6*z**2. Let m(p) be the second derivative of s(p). What is m(-6)?
-4
Let t(m) = -2 - 51*m + 0 + 49*m - 2. Let p = 0 - 3. Calculate t(p).
2
Let b be ((-7)/3 + -1)*(-123)/82. Let r(d) = -2*d**2 + 6*d + 3. Determine r(b).
-17
Let j(n) = 5*n + 3. Let l = 55 + -53. Give j(l).
13
Let v(l) = -2*l**3 + 2*l + 1. Let p be (-6)/(-21) + 2/(-7). Suppose r + p*r - 4*b = 19, b = r - 4. Determine v(r).
1
Let l(u) be the third derivative of u**6/120 + 13*u**3/6 + 25*u**2. Give l(0).
13
Let u(w) = 3*w. Let q(b) be the second derivative of b**5/20 + b**4/4 - b**3/6 + 7*b**2/2 - 2*b. Let s be q(-4). Calculate u(s).
-15
Let b(z) = -2 + 2 + 6*z + z**2. Let p be (40 - 38)/((-2)/7). What is b(p)?
7
Let t(u) = 14 + 7*u**2 - 6 - 9. Determine t(1).
6
Let b be (-50)/40*6/(-5). Let m(u) be the second derivative of b*u**2 + 2/3*u**3 + 5/12*u**4 + 1/20*u**5 - 2*u + 0. Determine m(-3).
9
Let k(y) = 5*y**3 + 8*y**2 + 5*y + 1. Let h(g) = -11*g**3 - 15*g**2 - 11*g - 1. Let u(f) = -4*h(f) - 9*k(f). Determine u(-12).
7
Let d be (-4)/(-3)*(-30)/4. Let c be 7*(d/14 - -1). Let h(r) = r**2 + 3*r + 4 - r - 7 - c. Calculate h(-4).
3
Let i = -20 - -26. Let f(n) = -9*n + 3. Let v(l) = -2*l + 1. Let y(m) = f(m) - 5*v(m). Determine y(i).
4
Let i be ((-18)/(-7))/(21/98). Let m(f) be the first derivative of f - i + 9*f**3 - 5*f**2 - 6*f**3 + 4*f**2 + 2*f**2. What is m(-1)?
8
Let z = -1 - -3. Let g(n) = -123*n**3 - 132*n**2 - 72*n - 30. Let v(i) = 12*i**3 + 13*i**2 + 7*i + 3. Let y(w) = -5*g(w) - 51*v(w). Calculate y(z).
15
Let q(f) = f**2 - 7*f + 1. Let r = 210 - 203. Calculate q(r).
1
Let g(t) = -51*t**2 - 2*t - 4. Let j(y) = 5*y**2 + y + 2. Let q(c) = -g(c) - 3*j(c). Determine q(-1).
35
Let l(h) be the first derivative of h**2 - h - 4. Let m be (1 - -3) + (0 - 1). Let t = -7 + m. Calculate l(t).
-9
Let g(b) = -b**3 + 4*b**2 - b + 4. Let o = -6 - -15. Let q = o - 7. Suppose v + 10 = 3*v, -q*v + 6 = -i. Calculate g(i).
0
Suppose -2*f - 8 = -3*s, 0*f + 2*f = s. Let i(l) = -2*l - 2 - 4*l + 6 + l**3 + 4*l**f + 3*l. Calculate i(-5).
-6
Let y be 1212/30 - 9/(-15). Let r(t) = 46 + y - 7*t - 86. Determine r(3).
-20
Let p be 255/(-6)*4*4/(-20). Let u = -29 + p. Let v(c) = -c**2 + 6*c - 6. Determine v(u).
-1
Let b(v) = v - 17. Let u be b(15). Let f(j) = 35*j - 14. Let m(x) = 12*x - 5. Let z(n) = 6*f(n) - 17*m(n). What is z(u)?
-11
Let j(i) be the first derivative of i**3/3 - 3*i**2/2 - 35*i + 40. Let f be j(8). Let v(n) = -n. What is v(f)?
-5
Let j(v) = 3. Let c(t) = -t. Let u(l) = c(l) - j(l). Let o be ((-1)/(-2))/((-1)/6). Determine u(o).
0
Let f be 8 + -8 - (-2 + 5). Let x(r) = -2*r**2 - 8*r - 3. Give x(f).
3
Let o(u) be the third derivative of -u**4/6 - u**3/2 - u**2 - u. Calculate o(-4).
13
Let o(y) = -4*y + 9. Let j(c) = -1. Let r(k) = -4*j(k) + o(k). Let b(l) = -5*l + 13. Let t(z) = 3*b(z) - 4*r(z). Determine t(7).
-6
Let f(t) = 2*t + 1 - 3*t + 2*t**2 - t**2 + 7*t**3 - 9*t**3. Suppose -4*v + 0*v + 4 = 0. Let u be f(v). Let o(y) = -y**2 + y + 1. Calculate o(u).
-1
Let l(h) = h - 1. Let f(y) = y**3 + 3*y**2 - y + 8. Let n be f(-4). Let k be 0*(n/(-3) + -1). Suppose 0 = -5*m + 2*t + 23, -4*m + t = -k*t - 16. Give l(m).
2
Let z(o) be the first derivative of -o**7/840 + o**6/360 + o**5/40 + o**4/6 + 19*o**3/3 + 19. Let j(v) be the third derivative of z(v). What is j(3)?
-5
Let x(k) = -k**3 - 3. Let c(b) = 6*b**3 - 7*b**2 - 2*b + 4. Let p(a) = -c(a) - 5*x(a). Give p(8).
-37
Let d = 1044 - 1047. Let n(p) = -p**3 + 2*p**2 + 4*p. Calculate n(d).
33
Let b(a) = a - 8. Let t(u) = 3*u + 20. Let j be t(-6). Suppose -j*g + 15 = v - 0, 0 = 4*v + 4. What is b(g)?
0
Let f(t) be the second derivative of -t**3/3 + 7*t**2/2 - 129*t + 2. Give f(7).
-7
Let y(w) = -4*w + 19. Let q = -1495 - -1502. Give y(q).
-9
Let q(h) = h - 11. Let p(d) = -4*d + 56. Let j(m) = 5*p(m) + 24*q(m). Determine j(-5).
-4
Let r(y) = 4*y**2 + 3*y - 6. Let j(l) = 3*l**2 + 4*l - 6. Let u(h) = -2*h + 1. Let n be u(3). Let t(f) = n*j(f) + 4*r(f). What is t(7)?
-1
Let f(r) = 6*r**2 + 19*r + 18. Let n(d) = -5*d**2 - 18*d - 17. Let b(v) = 4*f(v) + 5*n(v). Calculate b(-13).
0
Let f be (-54)/(-21) + (-24)/42. Let q(g) = 0 - f + 2*g**2 - 2*g + 0 - 168*g**3 + 166*g**3. Give q(2).
-14
Let r(z) = 7*z + 6. Let o(h) = 10*h + 8. Let j(d) = -5*o(d) + 7*r(d). Calculate j(-6).
8
Let l = 223 - 219. Let n(r) be the second derivative of -2*r + 1/12*r**l - 2*r**2 - 1/20*r**5 + 0 + 1/2*r**3. Determine n(3).
-13
Let w(a) = -2*a**2 - a - 4. Let b(y) = 2*y**2 + y + 5. Let o = -32 - -39. Let k(x) = o*w(x) + 6*b(x). Give k(3).
-19
Let c(x) = -x**3 - 17*x**2 - 17*x - 20. Suppose 4*l + j + 17 = -46, j = -l - 15. Determine c(l).
-4
Let b = -5 - -10. Let f(l) = 2*l**2 + 7*l - 12. Let v be f(-5). Let k(m) = m**v + 10 + 5*m + 5 - 1 - 6*m**2 - 13. Calculate k(b).
1
Let o(m) = 44 + 47 - m**2 + 2*m - 95. What is o(2)?
-4
Let b(i) = 17*i**2 - 9*i + 23. Let a(w) = 4*w**2 - 2*w + 5. Let n(g) = -9*a(g) + 2*b(g). Determine n(2).
-7
Let y be 112/(-42)*15/(-20). Let p(c) = c**2 + c - 7. Give p(y).
-1
Let v(w) = 26*w**2 + 28*w**2 - 55*w**2 + 6*w - 16*w - 9. What is v(-3)?
12
Let p = 3 + -4. Let q(j) be the third derivative of -j**6/40 - j**5/60 - j**4/12 - j**3/6 - 17*j**2. Let m be q(p). Let d(o) = o - 2. Give d(m).
1
Let q(m) be the first derivative of -30 - 1/4*m**4 + m - m**2 + 2/3*m**3. What is q(1)?
0
Let c(l) = l**3 + 2*l**2 + 3*l - 2. Let p(o) = 3*o**3 + 5*o**2 + 7*o - 3. Let y(f) = 5*c(f) - 2*p(f). Let w(j) = -1. Let t(r) = -w(r) + y(r). Determine t(0).
-3
Suppose 9*i + 10*i - 171 = 0. Let q(j) = j**3 - 8*j**2 - 11*j + 12. Give q(i).
-6
Let r = -44 + 32. Let y = r + 12. Let m(n) = n**3 + n. What is m(y)?
0
Let k(r) = r**3 - 7*r**2 + 4*r + 1. Let z(i) = i**2 + 12*i. Let l be z(-12). Suppose -6 + l = -2*x. Let v be 10 + -5 - x/(-3). Determine k(v).
-11
Let x(g) be the third derivative of g**6/120 + 7*g**5/60 + 7*g**4/24 + 7*g**3/6 + 39*g**2. Calculate x(-6).
1
Let a(v) = 5*v. Let w(g) = -5*g + 24. Let f be w(4). Give a(f).
20
Let p = 255 - 257. Let b = 9 + -6. Let h(y) = b + 2*y**2 - 1 + y - 3. Calculate h(p).
5
Suppose -k + 9 - 6 = 0. Let s(w) = 6*w**2 - 3*w + 6 - 3*w**k - w**3 + 3*w**3 - 4*w. Let z = -4 + 9. Determine s(z).
-4
Let s(a) be the second derivative of a**5/60 - a**4/4 - a**3/3 + 25*a**2/2 + 8*a. Let j(r) be the first derivative of s(r). Determine j(5).
-7
Let y(d) = -d. Let g(x) = -4*x + 4. Let t(q) = -g(q) + 2*y(q). Let a(j) = j**3 - 9*j**2 + 3*j - 21. Let z be a(9). Calculate t(z).
8
Suppose -n + 6 = -0*n. Let w(p) = -4*p + 5. Let r(v) = 9*v - 11. Let x(h) = n*r(h) + 13*w(h). Suppose 9*k - 4*k + 25 = 0. What is x(k)?
-11
Suppose 2*u + 2 = 3*u. Suppose -9*w + 65 - u = 0. Let a(d) = -7*d - 9 + 10 + d**2 - w. Determine a(8).
2
Let l(z) = -z**3 + 5*z**2 - z + 1. Let p(m) = m - 13. Let u be p(17). Determine l(u).
13
Let g(w) = -w + 7. Let y be g(0). Suppose -f + y = -4*h, 3*f = 2*h - 6*h - 27. Let k(u) be the second derivative of u**3/2 - u**2/2 + 2*u. Give k(h).
-10
Let w(r) = -r - 3 - 3 + 5 + 0. Give w(5).
-6